) = 3*v**3 + 65*v**2 - 17*v + 101. Give h(-22).
-9
Let j(b) = -b**3 - 7*b**2 + 7*b + 82. Calculate j(-7).
33
Let u(k) = 90*k**2 - 19*k - 33. Give u(-3).
834
Let d(s) = 35*s - 609. Determine d(16).
-49
Let g(j) = -j**2 + 36*j + 89. Determine g(-11).
-428
Let r(c) = -c - 160. Give r(21).
-181
Let w(o) = o**3 + 11*o**2 - 4*o + 27. What is w(-12)?
-69
Let m(q) = -q**2 + 16*q + 201. What is m(23)?
40
Let a(d) = 2*d**3 + 18*d**2 - 20*d - 138. Determine a(-9).
42
Let r(j) = -4*j**3 - 67*j**2 + 11*j - 179. Determine r(-17).
-77
Let h(t) = t**3 - 29*t**2 - 59*t - 32. Determine h(31).
61
Let f(t) = -9*t**3 + 2*t**2 - 6*t - 8. Determine f(-1).
9
Let k(q) = 73*q + 956. Determine k(-13).
7
Let d(h) = -13*h - 536. Calculate d(-39).
-29
Let t(m) = -759*m + 3039. Determine t(4).
3
Let j(m) = 61*m + 1800. What is j(-30)?
-30
Let a(m) = 10*m**3 - 4*m**2 + m. Determine a(2).
66
Let m(r) = -6*r**2 + 3*r + 68. Determine m(-3).
5
Let v(i) = -3*i**3 - 2*i**2 + 345*i + 345. What is v(-1)?
1
Let o(h) = -h**3 + 10*h**2 + 26*h - 157. Give o(11).
8
Let x(u) = u**3 - 8*u**2 - 18*u + 143. Give x(8).
-1
Let h(b) = -b**3 + 15*b**2 - 8*b + 712. Give h(17).
-2
Let p(q) = q + 14. Determine p(-2).
12
Let k(b) = 1488*b + 13374. What is k(-9)?
-18
Let p(q) = -166*q + 6609. Determine p(40).
-31
Let j(s) = -280*s + 860. Calculate j(3).
20
Let w(z) = -652*z + 6587. What is w(10)?
67
Let a(d) = -d**3 - 74*d**2 - 76*d - 1. What is a(-73)?
218
Let b(r) = -13*r**2 - 7*r + 1786. Give b(-12).
-2
Let q(w) = -12*w + 149. Determine q(23).
-127
Let v(w) = -w**3 - 58*w**2 - 513*w + 199. Determine v(-47).
11
Let l(h) = h**2 + 8*h - 13. Give l(-8).
-13
Let s(c) = -c**3 - 8*c**2 - 7*c - 14. Calculate s(-6).
-44
Let a(k) = 2*k**3 + 44*k**2 + 2*k + 43. What is a(-22)?
-1
Let y(g) = -2*g**2 + 17*g + 122. Determine y(13).
5
Let o(w) = -w**3 + 8*w**2 - 9*w - 5. Give o(8).
-77
Let d(n) = n**3 + n**2 - n - 3. What is d(-5)?
-98
Let c(b) = 2*b**2 + 2*b - 10. Determine c(5).
50
Let n(b) = -396*b - 3559. Give n(-9).
5
Let b(n) = 169*n + 242. Calculate b(-4).
-434
Let d(b) = 11*b**2 + 26*b - 67. Give d(-4).
5
Let n(r) = -26*r**2 + 101*r + 2. Calculate n(4).
-10
Let a(s) = s + 81. Determine a(0).
81
Let c(y) = 2853*y - 25670. Give c(9).
7
Let b(w) = -37*w**2 - 3. Determine b(-1).
-40
Let s(b) = 41*b - 243. Give s(5).
-38
Let o(q) = 24*q**2 + 488*q + 163. Give o(-20).
3
Let g(a) = 5*a**2 + 28*a + 161. Calculate g(-8).
257
Let j(p) = -p**2 + 60*p - 455. Calculate j(51).
4
Let s(m) = 84*m - 6467. Give s(77).
1
Let g(c) = -c**3 - 14*c**2 - 3*c - 16. Give g(-14).
26
Let a(i) = -162*i - 8084. What is a(-50)?
16
Let m(z) = -z**3 - 48*z**2 - 39*z + 347. Give m(-47).
-29
Let f(l) = l**3 - 25*l**2 + 44*l - 503. Calculate f(24).
-23
Let y(c) = -c**3 - 44*c**2 + 1111*c - 302. Give y(-62).
8
Let k(q) = -269*q + 524. Give k(2).
-14
Let c(d) = 3*d - 129. What is c(49)?
18
Let o(f) = f**2 - 375*f + 1138. What is o(3)?
22
Let b(r) = -r**3 + 21*r**2 + 107*r - 220. What is b(25)?
-45
Let h(k) = -577*k - 1154. Determine h(-2).
0
Let s(d) = -3*d**3 + 117*d**2 + 122*d - 59. Give s(40).
21
Let f(n) = -15*n**2 + 69*n - 2. Determine f(6).
-128
Let m(w) = w**3 - 9*w**2 - 53*w + 445. What is m(10)?
15
Let l(d) = 289*d + 4060. Give l(-14).
14
Let x(a) = 3*a**2 - 266*a - 2739. Calculate x(98).
5
Let v(n) = n**3 - 7*n**2 - 6*n - 4. Determine v(9).
104
Let x(d) = 46*d - 137. Calculate x(3).
1
Let t(b) = 6*b**2 + 84*b + 26. What is t(-14)?
26
Let h(f) = f**3 - 8*f**2 - 8*f - 123. What is h(0)?
-123
Let b(m) = -m**3 + 93*m**2 + 174*m + 1503. Give b(95).
-17
Let h(y) = 360*y - 17646. Calculate h(49).
-6
Let v(r) = -r**2 + 1177*r - 9355. Give v(8).
-3
Let m(i) = -73*i - 1014. Calculate m(-15).
81
Let z(j) = -20*j - 121. What is z(6)?
-241
Let d(b) = 14*b**2 - 4*b - 2. Determine d(-3).
136
Let g(d) = -d**2 - 47*d + 894. What is g(-60)?
114
Let g(u) = -7899*u - 7887. Determine g(-1).
12
Let g(u) = 2*u**2 + 42*u - 570. Determine g(10).
50
Let g(x) = -73*x - 939. Give g(-14).
83
Let b(h) = 538*h - 4307. Determine b(8).
-3
Let h(m) = 2*m**3 - 58*m**2 + 105*m - 3043. What is h(29)?
2
Let g(v) = -v**3 - 21*v**2 + 17*v - 22. What is g(-22)?
88
Let z(o) = 2*o**3 - 97*o**2 + 52*o - 140. Give z(48).
52
Let i(u) = -u**2 + 18*u + 11. Calculate i(9).
92
Let x(f) = -10*f**2 - 144*f - 134. What is x(-19)?
-1008
Let c(f) = -200*f - 177. What is c(-4)?
623
Let r(o) = 18*o**2 + 49*o - 22. What is r(-3)?
-7
Let m(p) = -197*p + 912. Determine m(5).
-73
Let p(o) = -25*o**2 + 746*o + 117. What is p(30)?
-3
Let h(d) = -5*d**3 - 767*d**2 - 307*d - 153. Give h(-153).
0
Let x(a) = -a**3 + 9*a**2 + 35*a + 7. Calculate x(12).
-5
Let r(s) = -46*s + 1195. What is r(26)?
-1
Let x(p) = -19*p**2 + 548*p + 1284. Calculate x(31).
13
Let t(a) = -a**2 + 87*a - 1078. Determine t(14).
-56
Let l(v) = 32*v + 1076. Calculate l(-32).
52
Let u(f) = f**3 + 2*f**2 + 3*f + 321. Give u(0).
321
Let r(m) = -m**3 + 31*m**2 + 173*m + 302. Give r(36).
50
Let l(v) = -13*v + 595. Determine l(44).
23
Let m(j) = 51*j**3 + 202*j**2 - 52*j - 174. What is m(-4)?
2
Let m(l) = -2*l**3 + 156*l**2 + 1011*l - 261. Determine m(84).
-9
Let q(t) = 13617*t - 136173. Calculate q(10).
-3
Let p(u) = u**3 + 6*u**2 - 34*u - 206. Calculate p(-5).
-11
Let p(i) = -33*i - 17. What is p(0)?
-17
Let c(d) = d**3 + 73*d**2 + 404*d + 13. What is c(-6)?
1
Let a(q) = 67*q + 11593. Give a(-173).
2
Let o(b) = -5*b - 73. Give o(2).
-83
Let a(m) = m**2 - 43*m - 382. What is a(-8)?
26
Let i(j) = -j**3 + 46*j**2 + 350*j - 152. Give i(-7).
-5
Let g(z) = 127*z + 751. Calculate g(-6).
-11
Let s(a) = -a**3 - 274*a**2 + 3137*a - 28. Determine s(11).
-6
Let x(r) = -r**3 + 36*r**2 - 284*r - 57. Calculate x(24).
39
Let f(g) = 2*g**2 - 282*g - 5693. Determine f(159).
31
Let a(p) = -28*p - 139. Calculate a(-21).
449
Let l(z) = z**2 + 60*z + 59. What is l(-59)?
0
Let t(d) = 3*d**3 + 136*d**2 + 176*d + 76. Calculate t(-44).
76
Let w(q) = -27*q**2 - 63*q + 68. Calculate w(-3).
14
Let s(p) = 4*p - 225. Give s(36).
-81
Let y(o) = -o**2 - 11*o + 630. Calculate y(20).
10
Let c(j) = 45*j + 208. Give c(-6).
-62
Let t(r) = -37*r**2 + 398*r + 78. Determine t(11).
-21
Let v(t) = -2634*t + 31608. What is v(12)?
0
Let b(l) = l**3 - 71*l**2 - 220*l - 151. What is b(74)?
-3
Let c(m) = -5*m**2 + 76. Determine c(4).
-4
Let h(z) = -z**3 - 21*z**2 - 39*z + 9. Calculate h(-19).
28
Let f(w) = 55*w + 1600. What is f(-29)?
5
Let p(w) = -107*w + 2709. Calculate p(24).
141
Let h(q) = 172*q + 24793. Give h(-144).
25
Let l(y) = y**3 - 8*y**2 + 2*y + 14. What is l(8)?
30
Let q(k) = k**3 - 55*k**2 + 55*k - 159. Determine q(54).
-105
Let z(a) = -54*a - 2967. What is z(-55)?
3
Let u(l) = 2*l**3 + 9*l**2 - 15*l - 53. Determine u(-6).
-71
Let x(u) = 3*u**3 - u**2 + u + 24. Give x(-4).
-188
Let p(h) = -4*h**2 - 40*h + 1133. What is p(13)?
-63
Let f(k) = 93*k**2 - 186*k - 7. Give f(2).
-7
Let u(t) = 13*t - 171. What is u(17)?
50
Let k(l) = -l**3 - 6*l**2 + 8*l + 9. Give k(-5).
-56
Let f(b) = 88*b + 4965. What is f(-56)?
37
Let i(m) = -m**3 - 18*m**2 + 2*m + 35. Give i(-18).
-1
Let i(q) = 2286*q - 68590. Give i(30).
-10
Let l(h) = -12*h**3 + 13*h**2 - 4*h + 8. What is l(2)?
-44
Let q(y) = -10*y + 568. Calculate q(54).
28
Let r(b) = b**3 + 8*b**2 + 15*b + 64. Give r(-8).
-56
Let p(n) = -52*n + 5095. What is p(99)?
-53
Let a(y) = y**3 - 6*y**2 - 41*y + 7. Give a(-4).
11
Let r(i) = 2*i**3 - 7*i**2 + 138*i - 404. Give r(3).
1
Let n(b) = b**3 + 85*b**2 - 84*b + 7797. Give n(-87).
-33
Let m(u) = -12214*u - 73277. Determine m(-6).
7
Let t(x) = 4*x**2 - 129*x + 31. Determine t(32).
-1
Let c(h) = -534*h - 47. Give c(-1).
487
Let t(n) = -n - 58. Calculate t(6).
-64
Let s(n) = n**3 + 20*n**2 - 22*n - 55. Determine s(-21).
-34
Let v(c) = 6*c**2 + 4*c - 3. What is v(1)?
7
Let u(a) = 35*a + 103. Calculate u(-3).
-2
Let w(s) = 75*s - 1137. Give w(15).
-12
Let o(j) = j**3 + 35*j**2 - 75*j - 29. Calculate o(-37).
8
Let d(h) = 3*h**2 + 231*h - 1366. Give d(6).
128
Let s(x) = 4*x**2 + 226*x - 134. Determine s(-57).
-20
Let n(q) = 621*q + 47202. Give n(-76).
6
Let y(s) = -117*s - 1983. Determine y(-19).
240
Let x(p) = 20*p**2 + 99*p - 19. What is x(-5)?
-14
Let d(m) = 130*m**2 - 758*m - 2. Determine d(6).
130
Let f(q) = -2*q**3 + q**2 + 14*q - 51. What is f(5)?
-206
Let c(n) = 3052*n + 18314. G